{"id":1417,"date":"2023-07-31T20:40:00","date_gmt":"2023-07-31T20:40:00","guid":{"rendered":"https:\/\/gap.juancarlosuribecortes.com\/?post_type=mto-course&#038;p=1417"},"modified":"2023-07-31T22:34:32","modified_gmt":"2023-08-01T03:34:32","slug":"programa-especialista-en-gestion-lean-via-40-express","status":"publish","type":"mto-course","link":"https:\/\/gap.juancarlosuribecortes.com\/index.php\/course\/programa-especialista-en-gestion-lean-via-40-express\/","title":{"rendered":"PROGRAMA ESPECIALISTA EN GESTI\u00d3N LEAN &#8211; V\u00eda 40 Express"},"content":{"rendered":"<p>Formaci\u00f3n especializada Lean orientada al desarrollo de la productividad en la gesti\u00f3n de proyectos, la construcci\u00f3n de los mismos y a la transformaci\u00f3n de empresas tradicionales a empresa con filosof\u00eda Lean.<\/p>\n","protected":false},"excerpt":{"rendered":"<p>Formaci\u00f3n especializada Lean orientada al desarrollo de la productividad en la gesti\u00f3n de proyectos, la construcci\u00f3n de los&hellip;<\/p>\n","protected":false},"author":2,"featured_media":1416,"template":"","meta":{"om_disable_all_campaigns":false,"_monsterinsights_skip_tracking":false,"_monsterinsights_sitenote_active":false,"_monsterinsights_sitenote_note":"","_monsterinsights_sitenote_category":0},"class_list":["post-1417","mto-course","type-mto-course","status-publish","has-post-thumbnail","hentry","course_cat-estrategia","course_cat-productiva","course_difficulty-beginner"],"aioseo_notices":[],"_links":{"self":[{"href":"https:\/\/gap.juancarlosuribecortes.com\/index.php\/wp-json\/wp\/v2\/mto-course\/1417","targetHints":{"allow":["GET"]}}],"collection":[{"href":"https:\/\/gap.juancarlosuribecortes.com\/index.php\/wp-json\/wp\/v2\/mto-course"}],"about":[{"href":"https:\/\/gap.juancarlosuribecortes.com\/index.php\/wp-json\/wp\/v2\/types\/mto-course"}],"author":[{"embeddable":true,"href":"https:\/\/gap.juancarlosuribecortes.com\/index.php\/wp-json\/wp\/v2\/users\/2"}],"wp:featuredmedia":[{"embeddable":true,"href":"https:\/\/gap.juancarlosuribecortes.com\/index.php\/wp-json\/wp\/v2\/media\/1416"}],"wp:attachment":[{"href":"https:\/\/gap.juancarlosuribecortes.com\/index.php\/wp-json\/wp\/v2\/media?parent=1417"}],"curies":[{"name":"wp","href":"https:\/\/api.w.org\/{rel}","templated":true}]}}

PROGRAMA ESPECIALISTA EN GESTIÓN LEAN &#8211; Vía 40 Express

<p>Formación especializada Lean orientada al desarrollo de la productividad en la gestión de proyectos, la construcción de los mismos y a la transformación de empresas tradicionales a empresa con filosofía Lean.</p>

<p>Formación especializada Lean orientada al desarrollo de la productividad en la gestión de proyectos, la construcción de los&hellip;</p>
